 What is the greatest common divisor of g and 10?
10
Let v(n) = 31*n**2 + 11*n - 42. Let u be v(4). Calculate the highest common divisor of u and 30.
6
Suppose -32*z + o - 42 = -33*z, 212 = 5*z + 4*o. Calculate the greatest common factor of z and 737.
11
Suppose 516 = 3*j + 2*j - 4*h, -j + h + 104 = 0. Suppose -4*g = -5*m + 3*m - 22, 2*m - 10 = -4*g. Calculate the greatest common divisor of g and j.
4
Let x = -24 + 28. Suppose 10*v - 9*v = 4*l + 14, -5*l = -x*v + 12. Let z be l/(-6) + (-172)/(-12). What is the highest common divisor of 135 and z?
15
Let m be 266 - ((-9)/27)/((-2)/(-18)). Suppose 0 = 5*v - 3*b - m, -b + 4 = b. Suppose f + 66 = 4*f. What is the greatest common divisor of v and f?
11
Let r(l) = 2*l**2 + 44*l + 9. Let q(h) = -4*h**3 + 6*h - 2. Let i be q(2). Let b be r(i). What is the highest common divisor of b and 72?
9
Let b(f) = 19*f + 1361. Let g be b(-44). What is the highest common divisor of g and 55?
5
Let l(m) = 439*m + 922. Let z be l(-2). Calculate the highest common divisor of z and 6754.
22
Let d be -1 - (-59 - 2/(-1)). Let p(t) = -107*t + 3016. Let i be p(24). What is the highest common factor of d and i?
56
Let b = 73 + -115. Let a be b/18*3/(-1). Suppose -3*c + 52 - a = 0. Calculate the greatest common divisor of 15 and c.
15
Let v(p) = 2*p**2 + p - 1. Let q(d) = 7*d**2 + 4. Let s(a) = q(a) - 3*v(a). Let b be s(5). Calculate the highest common factor of b and 119.
17
Let c(p) = -p**3 - 11*p**2 - 26*p + 18. Suppose 2*k + 10 = 0, 8*k = -5*l + 6*k - 65. Let j be c(l). Calculate the greatest common divisor of j and 19.
19
Let l be 4/26 + 12/156*128. Suppose -d - 3 = 0, l*h + d - 1492 = 5*h. What is the highest common factor of h and 26?
13
Suppose -2*q - 61 - 99 = 0. Let m = q - 58. Let r be (-502)/(-8) - (m/(-24) + -6). What is the highest common divisor of 9 and r?
9
Let h be 854/183*(-177)/(-7). Calculate the highest common factor of h and 8378.
118
Suppose 4*t - 11 = -3. Let p be -2 + (221 - (t - 3)). Let u(w) = -809*w + 4065. Let b be u(5). What is the greatest common factor of p and b?
20
Suppose -47*k = -212*k + 660. Suppose -2*z + 6*z - 28 = 0. Calculate the greatest common divisor of z and k.
1
Let u(m) = 66*m**2 + m + 1. Let a be u(2). Let r be -1 - 0 - (23 - a). What is the highest common factor of r and 9?
9
Suppose 3*h = 4*c - 444, h - 63 = -c - 204. Let o = -22 - h. Let x = o - 74. Calculate the greatest common divisor of 12 and x.
12
Let m = -233 - -225. Let i be 375 + (4 - 4) + m/2. Calculate the greatest common divisor of i and 7.
7
Suppose -52 + 58 = -6*b. Let k be (-6*b/6)/(2/494). Calculate the highest common divisor of k and 13.
13
Suppose -2*l + 0*l = -176. Let d be ((-112)/5 - 0 - -2)*-5. Let v = d - 80. What is the highest common factor of l and v?
22
Let j(a) = 2*a**3 + 27*a**2 + 172*a + 1916. Let n be j(-11). Calculate the highest common factor of n and 259.
37
Suppose -41*l + 31*l = -60. Suppose f = -4*f - d + l, f - 5*d + 4 = 0. What is the greatest common divisor of f and 11?
1
Let f be 0 + 4 + (1 - 1). Let c be (1 - (-4 - -2)) + (-2044)/(-15 + -13). Calculate the highest common divisor of c and f.
4
Let l = 85 - 78. Let h(f) = f**2 + f**3 - 18*f**3 + 2*f**3 + 3*f + l + 3*f. Let g be h(-2). Calculate the greatest common factor of 7 and g.
7
Let k be 4/(-22) - -815*(-9)/495. Let f be (4/(-6) + 0)/(k/1890). Calculate the greatest common divisor of f and 24.
12
Suppose -4*l - 36 + 11 = -5*y, 0 = -4*l + 3*y - 15. Suppose l = 4*m + 2 - 30. Let r be -3 - -28 - (m - 3/1). What is the greatest common factor of 3 and r?
3
Let i be 218044/24 - -2 - 51/306. What is the greatest common factor of i and 39?
39
Let j be 1*(-30)/(-5)*11/2. Let i be 11/((2/24)/(30/24)). Calculate the greatest common divisor of j and i.
33
Suppose -8*x = -1597 + 541. What is the highest common factor of 108 and x?
12
Suppose 0 = -13*o + 7*o - 36. Let a(p) = 3*p**2 + 16*p + 8. Let y be a(o). Let m = y - -453. Calculate the greatest common factor of 43 and m.
43
Let o be (-1)/(2*-2)*(18 + -6). Suppose u + o - 132 = 2*l, -3*u + 3*l + 396 = 0. What is the greatest common factor of u and 27?
27
Let c be (-1 - -2)/((-1623)/232 + 7). Calculate the highest common factor of c and 100.
4
Let i = -48533 - -48559. Let j(o) = 11*o**2 + 3*o + 1. Let b be j(-2). Calculate the highest common divisor of i and b.
13
Suppose 0 = 3*m - 29 - 1. Let p(q) = q + 3. Let c be p(m). Let w(b) = b**3 - 15*b**2 + 27*b + 5. Let n be w(c). What is the highest common divisor of n and 2?
2
Let k(j) = 3078*j**2 - 87*j + 161. Let r be k(2). What is the highest common divisor of 196 and r?
49
Let z be (35 + -9)*255/(-10). Let x = 672 + z. Suppose 2*b - 218 = -2*q - 2*b, 3*q - 4*b - 277 = 0. What is the greatest common factor of q and x?
9
Let k = 172 - 97. Let w be 143/3 + 5936/(-2226). Calculate the highest common divisor of k and w.
15
Let x = -578 + 730. Let v = 193 - x. Calculate the highest common divisor of 451 and v.
41
Let t = -24749 - -24760. Suppose 37 = 4*b - 51. Let r = -11 + b. Calculate the highest common factor of r and t.
11
Suppose 0 = 6*y + y - 21. Suppose 0*r - y*r + 126 = 0. Suppose -2*j + r = j. Calculate the greatest common factor of j and 7.
7
Let j = 27 - 11. Suppose 71*c = 68*c + 6. Let l be 45 - 0 - c - 3. Calculate the highest common divisor of l and j.
8
Let c be ((-89)/10)/(-1) + (356/(-40) - -9). Let t = 9 + -10. Let p = t + 19. Calculate the greatest common factor of c and p.
9
Let o = -163 - -276. Let y(w) = -89*w - 12. Let r be y(-5). Suppose -5*k - o + r = a, -4*a + 335 = 5*k. What is the highest common divisor of k and 7?
7
Suppose -86*z + 140754 = -795958. Calculate the greatest common factor of 56 and z.
28
Suppose 239*i - 43050 = 134*i. What is the highest common factor of i and 170?
10
Let z(m) = -m**2 - 4*m. Let w be z(-2). Suppose w*c - 3*c - 28 = 0. Suppose 2*q = c + 22. Calculate the highest common factor of 75 and q.
25
Let o = -413 - -413. Suppose -3*k + 221 = r - 2*k, o = 2*r + k - 445. Calculate the greatest common divisor of r and 14.
14
Let o(u) = -110*u - 5586. Let n be o(-81). What is the greatest common divisor of n and 24?
12
Suppose 2*v + 6 = 0, -4*f + 2*v + v + 169 = 0. Let u = -1129 - -1189. What is the highest common factor of f and u?
20
Let r be 59/7 + -8 + 6479/7. Suppose -3*y = -r + 128. What is the highest common divisor of y and 42?
14
Let k = 9982 - 8807. What is the highest common divisor of 517 and k?
47
Let h(o) be the second derivative of o**4/4 - o**3/3 - 3*o**2/2 + 22*o. Let w be h(2). Suppose 9*j = w*j + 28. What is the highest common factor of 7 and j?
7
Suppose 2368 = -26*j - 9436. Let f = j - -530. What is the greatest common factor of f and 342?
38
Let g be (-1 - -73)*(-24)/(-9). Suppose -3*a - 6 = 0, -34*w + 31*w = -5*a - 1432. Let x = w + -450. What is the highest common divisor of g and x?
24
Suppose 12*u - 10*u - 1306 = 2*q, -u + 663 = -3*q. Let k = 655 - u. What is the greatest common factor of 224 and k?
7
Let q be (-1 - (-6)/(-1 - -2))*1. Let x be 3*(-17)/(-3) + (q - 4). Calculate the greatest common factor of 72 and x.
18
Let l be (-375)/(-9) - ((-4)/(-3))/(-4). Suppose 0 = r + 5*r - l. Suppose 8*v - 15*v = -r. What is the highest common divisor of 11 and v?
1
Let j(t) be the third derivative of t**4/6 - 19*t**3/3 + 11*t**2. Let i be j(12). What is the highest common factor of i and 10?
10
Suppose 13*s - 67*s + 16632 = 0. What is the greatest common factor of s and 12?
4
Suppose w = -7*h + 2*h + 12, 3 = 3*h + 2*w. Suppose h*v = 5*d + 2*v - 84, 2*v - 24 = -2*d. Calculate the greatest common factor of d and 176.
16
Let b(r) = -2*r**2 - 34*r - 32. Let o be b(-16). Suppose 107*y - 112*y + 435 = o. Let d = -24 + 53. What is the highest common factor of d and y?
29
Suppose 146*n = 126579 + 71981. Calculate the highest common divisor of n and 408.
136
Let f(s) = 2*s**2 + 26*s - 823. Let n be f(-29). What is the highest common divisor of 4620 and n?
105
Let z(p) = -6*p**2 + 40*p - 6. Let q be z(4). Let a = 80 - q. What is the highest common factor of 242 and a?
22
Suppose 4*x - 112 = -3*h, 3*h - 2*h - 4 = 0. Let j be 5 - 0*(-3 + 0 + 2). What is the highest common factor of j and x?
5
Let z = -2137 + 1329. Let f = z - -1383. What is the greatest common divisor of 23 and f?
23
Let p(